{"id":118,"date":"2023-09-26T21:44:02","date_gmt":"2023-09-26T21:44:02","guid":{"rendered":"https:\/\/kaktustrio.dk\/?page_id=118"},"modified":"2023-10-02T10:08:32","modified_gmt":"2023-10-02T10:08:32","slug":"about","status":"publish","type":"page","link":"https:\/\/kaktustrio.dk\/index.php\/about\/","title":{"rendered":"Om bandet"},"content":{"rendered":"\n<div class=\"wp-block-columns is-layout-flex wp-container-core-columns-is-layout-28f84493 wp-block-columns-is-layout-flex\">\n<div class=\"wp-block-column is-layout-flow wp-block-column-is-layout-flow\"><\/div>\n<\/div>\n\n\n\n<div class=\"wp-block-columns is-layout-flex wp-container-core-columns-is-layout-28f84493 wp-block-columns-is-layout-flex\">\n<div class=\"wp-block-column is-layout-flow wp-block-column-is-layout-flow\"><\/div>\n<\/div>\n\n\n\n<figure class=\"wp-block-image aligncenter size-full\"><img loading=\"lazy\" decoding=\"async\" width=\"823\" height=\"599\" src=\"https:\/\/kaktustrio.dk\/wp-content\/uploads\/2023\/10\/Hej-venner-Saa-er-det-sgu-igen-4.png\" alt=\"\" class=\"wp-image-322\" srcset=\"https:\/\/kaktustrio.dk\/wp-content\/uploads\/2023\/10\/Hej-venner-Saa-er-det-sgu-igen-4.png 823w, https:\/\/kaktustrio.dk\/wp-content\/uploads\/2023\/10\/Hej-venner-Saa-er-det-sgu-igen-4-300x218.png 300w, https:\/\/kaktustrio.dk\/wp-content\/uploads\/2023\/10\/Hej-venner-Saa-er-det-sgu-igen-4-768x559.png 768w\" sizes=\"auto, (max-width: 823px) 100vw, 823px\" \/><\/figure>\n\n\n<div class=\"page\" title=\"Page 1\">\n<div class=\"layoutArea\">\n<div class=\"column\">\n<p>\u00a0<\/p>\n<p><strong>Fede hits fra seks \u00e5rtier: <\/strong>Det er tid til fest og glade dage, n\u00e5r Kaktus Trio fyrer op under et fantastisk repertoire af fede hits fra seks \u00e5rtier. Stribevis af legendariske danske og udenlandske pop- og rockklassikere &#8211; dem du husker, OG dem du lige havde glemt. Kaktus Trio spiller velkendt og dansevenligt livemusik til alle former for fester og arrangementer.\u00a0<\/p>\n<p><strong>Dygtige og erfarne musikere:<\/strong> Kaktus Trio best\u00e5r af tre dygtige og rutinerede musikere, som har spillet hundredevis af koncerter og livejobs, og som har solid erfaring i at f\u00e5 folk ud p\u00e5 dansegulvet og synge med p\u00e5 yndlingssangene.<\/p>\n<p><strong>Professionel lyd og lys:<\/strong> Kaktus Trio s\u00f8rger for professionelt lyd- og lysanl\u00e6g til b\u00e5de sm\u00e5 intime arrangementer og st\u00f8rre fester\/koncerter med fuld tryk p\u00e5. Du kan derfor v\u00e6re sikker p\u00e5 lydkvalitet i topklasse og flot farverig scenebelysning.<\/p>\n<\/div>\n<\/div>\n<\/div>\n<p><strong>Uddrag fra s\u00e6tliste: <\/strong>Black or White, Bag duggede ruder, The Wall,\u00a0Vilde Kaniner,\u00a0Born to be wild,\u00a0Ghostbusters,\u00a0Money for Nothing,\u00a0Mama Mia,\u00a0Costa del Sol,\u00a0Kiss,\u00a0Hello Mary Lou,\u00a0Stor Mand,\u00a0All my Love,\u00a0Proud Mary,\u00a0Nu hvor du har br\u00e6ndt mig af,\u00a0The Look,\u00a0Dig og Mig,\u00a0Joanna,\u00a0Purple Rain og mange mange flere.<\/p>\n\n\n<figure class=\"wp-block-image aligncenter size-full\"><img loading=\"lazy\" decoding=\"async\" width=\"709\" height=\"518\" src=\"https:\/\/kaktustrio.dk\/wp-content\/uploads\/2023\/09\/Hej-venner-Saa-er-det-sgu-igen-2-1.png\" alt=\"\" class=\"wp-image-200\" srcset=\"https:\/\/kaktustrio.dk\/wp-content\/uploads\/2023\/09\/Hej-venner-Saa-er-det-sgu-igen-2-1.png 709w, https:\/\/kaktustrio.dk\/wp-content\/uploads\/2023\/09\/Hej-venner-Saa-er-det-sgu-igen-2-1-300x219.png 300w\" sizes=\"auto, (max-width: 709px) 100vw, 709px\" \/><\/figure>\n\n\n\n<div class=\"wp-block-columns is-layout-flex wp-container-core-columns-is-layout-28f84493 wp-block-columns-is-layout-flex\">\n<div class=\"wp-block-column is-layout-flow wp-block-column-is-layout-flow\" style=\"flex-basis:100%\">\n<div class=\"wp-block-group is-layout-constrained wp-block-group-is-layout-constrained\"><\/div>\n<\/div>\n<\/div>\n\n\n\n<div class=\"wp-block-columns is-layout-flex wp-container-core-columns-is-layout-28f84493 wp-block-columns-is-layout-flex\">\n<div class=\"wp-block-column is-layout-flow wp-block-column-is-layout-flow\"><\/div>\n<\/div>\n","protected":false},"excerpt":{"rendered":"<p>\u00a0 Fede hits fra seks \u00e5rtier: Det er tid til fest og glade dage, n\u00e5r Kaktus Trio fyrer op under et fantastisk repertoire af fede hits fra seks \u00e5rtier. Stribevis af legendariske danske og udenlandske pop- og rockklassikere &#8211; dem du husker, OG dem du lige havde glemt. Kaktus Trio spiller velkendt og dansevenligt livemusik [&hellip;]<\/p>\n","protected":false},"author":1,"featured_media":0,"parent":0,"menu_order":0,"comment_status":"closed","ping_status":"closed","template":"","meta":{"site-sidebar-layout":"default","site-content-layout":"","ast-site-content-layout":"default","site-content-style":"default","site-sidebar-style":"default","ast-global-header-display":"","ast-banner-title-visibility":"","ast-main-header-display":"","ast-hfb-above-header-display":"","ast-hfb-below-header-display":"","ast-hfb-mobile-header-display":"","site-post-title":"disabled","ast-breadcrumbs-content":"","ast-featured-img":"","footer-sml-layout":"","ast-disable-related-posts":"","theme-transparent-header-meta":"","adv-header-id-meta":"","stick-header-meta":"","header-above-stick-meta":"","header-main-stick-meta":"","header-below-stick-meta":"","astra-migrate-meta-layouts":"","ast-page-background-enabled":"default","ast-page-background-meta":{"desktop":{"background-color":"var(--ast-global-color-4)","background-image":"","background-repeat":"repeat","background-position":"center center","background-size":"auto","background-attachment":"scroll","background-type":"","background-media":"","overlay-type":"","overlay-color":"","overlay-opacity":"","overlay-gradient":""},"tablet":{"background-color":"","background-image":"","background-repeat":"repeat","background-position":"center center","background-size":"auto","background-attachment":"scroll","background-type":"","background-media":"","overlay-type":"","overlay-color":"","overlay-opacity":"","overlay-gradient":""},"mobile":{"background-color":"","background-image":"","background-repeat":"repeat","background-position":"center center","background-size":"auto","background-attachment":"scroll","background-type":"","background-media":"","overlay-type":"","overlay-color":"","overlay-opacity":"","overlay-gradient":""}},"ast-content-background-meta":{"desktop":{"background-color":"var(--ast-global-color-5)","background-image":"","background-repeat":"repeat","background-position":"center center","background-size":"auto","background-attachment":"scroll","background-type":"","background-media":"","overlay-type":"","overlay-color":"","overlay-opacity":"","overlay-gradient":""},"tablet":{"background-color":"var(--ast-global-color-5)","background-image":"","background-repeat":"repeat","background-position":"center center","background-size":"auto","background-attachment":"scroll","background-type":"","background-media":"","overlay-type":"","overlay-color":"","overlay-opacity":"","overlay-gradient":""},"mobile":{"background-color":"var(--ast-global-color-5)","background-image":"","background-repeat":"repeat","background-position":"center center","background-size":"auto","background-attachment":"scroll","background-type":"","background-media":"","overlay-type":"","overlay-color":"","overlay-opacity":"","overlay-gradient":""}},"footnotes":""},"class_list":["post-118","page","type-page","status-publish","hentry"],"_links":{"self":[{"href":"https:\/\/kaktustrio.dk\/index.php\/wp-json\/wp\/v2\/pages\/118","targetHints":{"allow":["GET"]}}],"collection":[{"href":"https:\/\/kaktustrio.dk\/index.php\/wp-json\/wp\/v2\/pages"}],"about":[{"href":"https:\/\/kaktustrio.dk\/index.php\/wp-json\/wp\/v2\/types\/page"}],"author":[{"embeddable":true,"href":"https:\/\/kaktustrio.dk\/index.php\/wp-json\/wp\/v2\/users\/1"}],"replies":[{"embeddable":true,"href":"https:\/\/kaktustrio.dk\/index.php\/wp-json\/wp\/v2\/comments?post=118"}],"version-history":[{"count":35,"href":"https:\/\/kaktustrio.dk\/index.php\/wp-json\/wp\/v2\/pages\/118\/revisions"}],"predecessor-version":[{"id":339,"href":"https:\/\/kaktustrio.dk\/index.php\/wp-json\/wp\/v2\/pages\/118\/revisions\/339"}],"wp:attachment":[{"href":"https:\/\/kaktustrio.dk\/index.php\/wp-json\/wp\/v2\/media?parent=118"}],"curies":[{"name":"wp","href":"https:\/\/api.w.org\/{rel}","templated":true}]}}